{"id":20,"date":"2017-07-21T12:30:26","date_gmt":"2017-07-21T15:30:26","guid":{"rendered":"http:\/\/comuniquefacil.com.br\/1\/?page_id=20"},"modified":"2025-11-04T14:41:24","modified_gmt":"2025-11-04T17:41:24","slug":"arquivos","status":"publish","type":"page","link":"https:\/\/fessp-esp.org.br\/?page_id=20","title":{"rendered":"Diretoria"},"content":{"rendered":"\n<h1 class=\"wp-block-heading has-text-align-center\"><b>DIRETORIA FESSP-ESP 2024-2027<\/b><\/h1>\n\n\n\n<h2 class=\"wp-block-heading has-text-align-center\"><strong>Chapa Novos Rumos<\/strong><\/h2>\n\n\n\n<p><b>Presidente \u2013<\/b><span style=\"font-weight: 400;\"> Lineu Neves Mazano (Sispesp)<\/span><\/p>\n\n\n\n<p><b>Vice-Presidente \u2013<\/b><span style=\"font-weight: 400;\"> Eduardo Becker Tagliarini (Sinpcresp)<\/span><\/p>\n\n\n\n<p><em><b>Secret\u00e1rio-Geral \u2013<\/b><span style=\"font-weight: 400;\"> Isa\u00edas Celestino (Sindojus-SP)<\/span>*<\/em> <em>&#8211; in memoriam<\/em><\/p>\n\n\n\n<p><b>Secret\u00e1rio-Geral \u2013<\/b><span style=\"font-weight: 400;\"> Leonardo David Quintiliano (Sindalesp)<\/span><\/p>\n\n\n\n<p><b>1\u00aa Secret\u00e1ria \u2013 <\/b><span style=\"font-weight: 400;\">Maria Jos\u00e9 Mase Bettini dos Santos (Apase)<\/span><\/p>\n\n\n\n<p><b>Tesoureiro-Geral \u2013<\/b><span style=\"font-weight: 400;\"> Joalve Vasconcelos dos Santos(Sindalesp)<\/span><\/p>\n\n\n\n<p><b>1\u00aa Tesoureira \u2013<\/b><span style=\"font-weight: 400;\"> Carmen L\u00facia Bim Mariano (Sisderesp)<\/span><\/p>\n\n\n\n<p><b>Diretor de Assuntos de Servidores Federais \u2013<\/b><span style=\"font-weight: 400;\"> Jo\u00e3o Joaci Ricarte Filho (Siemesp)<\/span><\/p>\n\n\n\n<p><b>Diretor de Assuntos de Servidores Estaduais \u2013<\/b><span style=\"font-weight: 400;\"> Samuel Paulo Viana da Silva (Sispesp)<\/span><\/p>\n\n\n\n<p><b>Diretora de Rela\u00e7\u00f5es Intersindicais e Forma\u00e7\u00e3o Sindical \u2013<\/b><span style=\"font-weight: 400;\"> Karla Regina Horti de Almeida Campos (Sinpcresp)<\/span><\/p>\n\n\n\n<p><b>Diretor de Assuntos Jur\u00eddicos \u2013<\/b><span style=\"font-weight: 400;\"> Filipe Leonardo Carri\u00e7o (Sindalesp)<\/span><\/p>\n\n\n\n<p><b>Diretora de Comunica\u00e7\u00e3o e Imprensa \u2013<\/b><span style=\"font-weight: 400;\"> Marilene Queiroz Coelho Mar\u00e7al (Sinafresp)<\/span><\/p>\n\n\n\n<p><b>Diretora de Assuntos de Aposentados e Pensionistas \u2013<\/b><span style=\"font-weight: 400;\"> Maria Regina Pereira de Ara\u00fajo (Apase)<\/span><\/p>\n\n\n\n<p><b>Diretora de Assuntos Parlamentares \u2013<\/b><span style=\"font-weight: 400;\"> Desir\u00e9e S\u00e9pe de Marco (Sindalesp)<\/span><\/p>\n\n\n\n<p><b>Diretora de Assuntos Sociais \u2013<\/b><span style=\"font-weight: 400;\"> Naiara Carneiro Teixeira (Sispesp)<\/span><\/p>\n\n\n\n<p><b>Diretora de Assuntos dos Transportes \u2013<\/b><span style=\"font-weight: 400;\"> Svani Andrea Biagini (Sisderesp)<\/span><\/p>\n\n\n\n<p><b>Diretor de Assuntos da Sa\u00fade \u2013<\/b><span style=\"font-weight: 400;\"> Carlos Eduardo Piotto (Sindcop)<\/span><\/p>\n\n\n\n<p><b>Diretora de Assuntos da Seguran\u00e7a P\u00fablica \u2013<\/b><span style=\"font-weight: 400;\"> Lucia Helena Sarnelli Ferreira dos Santos (Sintelpol)<\/span><\/p>\n\n\n\n<p><b>Diretor de Assuntos Penitenci\u00e1rios \u2013<\/b><span style=\"font-weight: 400;\"> Gilson Pimentel Barreto (Sindcop)<\/span><\/p>\n\n\n\n<p><b>Diretor de Assuntos Fazend\u00e1rios \u2013<\/b><span style=\"font-weight: 400;\"> Marco Ant\u00f4nio Chicaroni (Sinafresp)<\/span><\/p>\n\n\n\n<p><b>Diretora de Assuntos da Educa\u00e7\u00e3o \u2013<\/b><span style=\"font-weight: 400;\"> Rosaura Aparecida de Almeida (Apase)<\/span><\/p>\n\n\n\n<p><b>Diretor de Assuntos do Poder Legislativo \u2013<\/b><span style=\"font-weight: 400;\"> Maur\u00edcio Nespeca (Sindalesp)<\/span><\/p>\n\n\n\n<p><b>Diretor de Assuntos do Poder Judici\u00e1rio \u2013<\/b> Daniel Franco do Amaral (Sindojus-SP)<\/p>\n\n\n\n<p><b>Diretor de Assuntos do Minist\u00e9rio P\u00fablico \u2013<\/b><span style=\"font-weight: 400;\"> Anselmo Deniz Campos Junior (Sindsemp)<\/span><\/p>\n\n\n\n<p><b>Diretora de Assuntos da Mulher, G\u00eanero e Igualdade Racial \u2013<\/b><span style=\"font-weight: 400;\"> K\u00e1tia Cristina Rodrigues Silva (Sispesp)<\/span><\/p>\n\n\n\n<p><b>Diretor de Seguran\u00e7a e Sa\u00fade no Trabalho \u2013<\/b><span style=\"font-weight: 400;\"> Magno Alexandre Freire Cirino (Sindcop)<\/span><\/p>\n\n\n\n<p><\/p>\n\n\n\n<h3 class=\"wp-block-heading\"><b>Conselho Fiscal<\/b><\/h3>\n\n\n\n<p><span style=\"font-weight: 400;\">Paulo Braga (Sisderesp)<\/span><\/p>\n\n\n\n<p><span style=\"font-weight: 400;\">Maria Clara Paes Tobo (Apase)<\/span><\/p>\n\n\n\n<p><span style=\"font-weight: 400;\">Rosalina Chinone (Udemo)<\/span><\/p>\n\n\n\n<p><\/p>\n\n\n\n<h3 class=\"wp-block-heading\"><b>Suplentes<\/b><\/h3>\n\n\n\n<p><span style=\"font-weight: 400;\">Volmer Aureo Pianca (Udemo)<\/span><\/p>\n\n\n\n<p><span style=\"font-weight: 400;\">Cl\u00e1udio Vin\u00edcius Bassi Dagel (Sindsemp)<\/span><\/p>\n\n\n\n<p><span style=\"font-weight: 400;\">Ana Paula Campesi (Sindcop)<\/span><\/p>\n\n\n\n<p><span style=\"font-weight: 400;\">Sandra Regina Zapparoli (Sintelpol)<\/span><\/p>\n\n\n\n<figure class=\"wp-block-image aligncenter size-large is-resized\"><img loading=\"lazy\" decoding=\"async\" width=\"1024\" height=\"683\" src=\"https:\/\/fessp-esp.org.br\/wp-content\/uploads\/2024\/02\/DSC1098-1-1024x683.jpg\" alt=\"\" class=\"wp-image-9457\" style=\"width:832px;height:auto\" srcset=\"https:\/\/fessp-esp.org.br\/wp-content\/uploads\/2024\/02\/DSC1098-1-1024x683.jpg 1024w, https:\/\/fessp-esp.org.br\/wp-content\/uploads\/2024\/02\/DSC1098-1-300x200.jpg 300w, https:\/\/fessp-esp.org.br\/wp-content\/uploads\/2024\/02\/DSC1098-1-768x512.jpg 768w, https:\/\/fessp-esp.org.br\/wp-content\/uploads\/2024\/02\/DSC1098-1-1536x1025.jpg 1536w, https:\/\/fessp-esp.org.br\/wp-content\/uploads\/2024\/02\/DSC1098-1-2048x1367.jpg 2048w\" sizes=\"auto, (max-width: 1024px) 100vw, 1024px\" \/><figcaption class=\"wp-element-caption\">Diretoria da Federa\u00e7\u00e3o dos Sindicatos dos Servidores no Estado de S\u00e3o Paulo. Foto: Renato Luque\/Imprensa Fessp-Esp.<\/figcaption><\/figure>\n","protected":false},"excerpt":{"rendered":"<p>DIRETORIA FESSP-ESP 2024-2027 Chapa Novos Rumos Presidente \u2013 Lineu Neves Mazano (Sispesp) Vice-Presidente \u2013 Eduardo Becker Tagliarini (Sinpcresp) Secret\u00e1rio-Geral \u2013<\/p>\n","protected":false},"author":1,"featured_media":0,"parent":0,"menu_order":0,"comment_status":"closed","ping_status":"closed","template":"","meta":{"colormag_page_container_layout":"default_layout","colormag_page_sidebar_layout":"default_layout","footnotes":""},"class_list":["post-20","page","type-page","status-publish","hentry"],"_links":{"self":[{"href":"https:\/\/fessp-esp.org.br\/index.php?rest_route=\/wp\/v2\/pages\/20","targetHints":{"allow":["GET"]}}],"collection":[{"href":"https:\/\/fessp-esp.org.br\/index.php?rest_route=\/wp\/v2\/pages"}],"about":[{"href":"https:\/\/fessp-esp.org.br\/index.php?rest_route=\/wp\/v2\/types\/page"}],"author":[{"embeddable":true,"href":"https:\/\/fessp-esp.org.br\/index.php?rest_route=\/wp\/v2\/users\/1"}],"replies":[{"embeddable":true,"href":"https:\/\/fessp-esp.org.br\/index.php?rest_route=%2Fwp%2Fv2%2Fcomments&post=20"}],"version-history":[{"count":18,"href":"https:\/\/fessp-esp.org.br\/index.php?rest_route=\/wp\/v2\/pages\/20\/revisions"}],"predecessor-version":[{"id":10579,"href":"https:\/\/fessp-esp.org.br\/index.php?rest_route=\/wp\/v2\/pages\/20\/revisions\/10579"}],"wp:attachment":[{"href":"https:\/\/fessp-esp.org.br\/index.php?rest_route=%2Fwp%2Fv2%2Fmedia&parent=20"}],"curies":[{"name":"wp","href":"https:\/\/api.w.org\/{rel}","templated":true}]}}